{"id":2171,"date":"2025-02-15T14:55:19","date_gmt":"2025-02-15T13:55:19","guid":{"rendered":"https:\/\/muddys-club.net\/?page_id=2171"},"modified":"2025-02-16T14:40:14","modified_gmt":"2025-02-16T13:40:14","slug":"2025-07-18-muddys-open-air-henrik-freischlader","status":"publish","type":"page","link":"https:\/\/muddys-club.net\/index.php\/2025-07-18-muddys-open-air-henrik-freischlader\/","title":{"rendered":"2025-07-18 Muddy\u00b4s Open Air Henrik Freischlader"},"content":{"rendered":"<div class=\"fusion-fullwidth fullwidth-box fusion-builder-row-1 fusion-flex-container has-pattern-background has-mask-background nonhundred-percent-fullwidth non-hundred-percent-height-scrolling\" style=\"--awb-border-radius-top-left:0px;--awb-border-radius-top-right:0px;--awb-border-radius-bottom-right:0px;--awb-border-radius-bottom-left:0px;--awb-flex-wrap:wrap;\" ><div class=\"fusion-builder-row fusion-row fusion-flex-align-items-flex-start fusion-flex-content-wrap\" style=\"max-width:1040px;margin-left: calc(-4% \/ 2 );margin-right: calc(-4% \/ 2 );\"><div class=\"fusion-layout-column fusion_builder_column fusion-builder-column-0 fusion_builder_column_2_3 2_3 fusion-flex-column\" style=\"--awb-bg-size:cover;--awb-width-large:66.666666666667%;--awb-margin-top-large:0px;--awb-spacing-right-large:2.88%;--awb-margin-bottom-large:20px;--awb-spacing-left-large:2.88%;--awb-width-medium:66.666666666667%;--awb-order-medium:0;--awb-spacing-right-medium:2.88%;--awb-spacing-left-medium:2.88%;--awb-width-small:100%;--awb-order-small:0;--awb-spacing-right-small:1.92%;--awb-spacing-left-small:1.92%;\"><div class=\"fusion-column-wrapper fusion-column-has-shadow fusion-flex-justify-content-flex-start fusion-content-layout-column\"><div class=\"fusion-image-element \" style=\"--awb-caption-title-font-family:var(--h2_typography-font-family);--awb-caption-title-font-weight:var(--h2_typography-font-weight);--awb-caption-title-font-style:var(--h2_typography-font-style);--awb-caption-title-size:var(--h2_typography-font-size);--awb-caption-title-transform:var(--h2_typography-text-transform);--awb-caption-title-line-height:var(--h2_typography-line-height);--awb-caption-title-letter-spacing:var(--h2_typography-letter-spacing);\"><span class=\" fusion-imageframe imageframe-none imageframe-1 hover-type-none\"><img decoding=\"async\" width=\"200\" height=\"300\" title=\"HF-Portrait_2024_print_\u00a9Timo Wilke (2)\" src=\"https:\/\/muddys-club.net\/wp-content\/uploads\/2025\/02\/HF-Portrait_2024_print_\u00a9Timo-Wilke-2-200x300.jpg\" alt class=\"img-responsive wp-image-2172\" srcset=\"https:\/\/muddys-club.net\/wp-content\/uploads\/2025\/02\/HF-Portrait_2024_print_\u00a9Timo-Wilke-2-200x301.jpg 200w, https:\/\/muddys-club.net\/wp-content\/uploads\/2025\/02\/HF-Portrait_2024_print_\u00a9Timo-Wilke-2-400x601.jpg 400w, https:\/\/muddys-club.net\/wp-content\/uploads\/2025\/02\/HF-Portrait_2024_print_\u00a9Timo-Wilke-2-600x902.jpg 600w, https:\/\/muddys-club.net\/wp-content\/uploads\/2025\/02\/HF-Portrait_2024_print_\u00a9Timo-Wilke-2-800x1203.jpg 800w, https:\/\/muddys-club.net\/wp-content\/uploads\/2025\/02\/HF-Portrait_2024_print_\u00a9Timo-Wilke-2-1200x1804.jpg 1200w, https:\/\/muddys-club.net\/wp-content\/uploads\/2025\/02\/HF-Portrait_2024_print_\u00a9Timo-Wilke-2-scaled.jpg 1703w\" sizes=\"(max-width: 640px) 100vw, 800px\" \/><\/span><\/div><\/div><\/div><div class=\"fusion-layout-column fusion_builder_column fusion-builder-column-1 fusion_builder_column_1_3 1_3 fusion-flex-column\" style=\"--awb-bg-size:cover;--awb-width-large:33.333333333333%;--awb-margin-top-large:0px;--awb-spacing-right-large:5.76%;--awb-margin-bottom-large:20px;--awb-spacing-left-large:5.76%;--awb-width-medium:33.333333333333%;--awb-order-medium:0;--awb-spacing-right-medium:5.76%;--awb-spacing-left-medium:5.76%;--awb-width-small:100%;--awb-order-small:0;--awb-spacing-right-small:1.92%;--awb-spacing-left-small:1.92%;\"><div class=\"fusion-column-wrapper fusion-column-has-shadow fusion-flex-justify-content-flex-start fusion-content-layout-column\"><div class=\"fusion-text fusion-text-1\"><h1 class=\"h2 c-ticket-fan__headline\">Muddy\u00b4s Open Air<\/h1>\n<h2 class=\"c-ticket-fan__subHeadline\">Henrik Freischlader<\/h2>\n<h2 class=\"c-ticket-fan__subHeadline\">Vorband Muddy\u00b4s Allstars<\/h2>\n<\/div><div class=\"fusion-text fusion-text-2\"><h2>Freitag 18. Juli\u00a0 2025<\/h2>\n<h5>Beginn 19:00 Uhr<\/h5>\n<p><span style=\"color: var(--awb-text-color); font-family: var(--awb-text-font-family); font-size: var(--awb-font-size); font-style: var(--awb-text-font-style); font-weight: var(--awb-text-font-weight); letter-spacing: var(--awb-letter-spacing); text-align: var(--awb-content-alignment); text-transform: var(--awb-text-transform); background-color: var(--awb-bg-color);\">in\u00a0<\/span><\/p>\n<div><a class=\"c-venue-address__name\" href=\"https:\/\/www.reservix.de\/weinheim\/venue\/weinheimer-schloss\/v8014\">Hinterer Schlosshof<\/a><\/div>\n<div class=\"c-venue-address__line\">Obertorstr. 9<\/div>\n<p><span class=\"c-venue-address__line\">69469\u00a0<\/span><span class=\"c-venue-address__line\">Weinheim<\/span><\/p>\n<\/div><div class=\"fusion-text fusion-text-3\"><h5>Eintritt<\/h5>\n<p>Normal: 30 \u20ac<\/p>\n<\/div><div class=\"fusion-separator fusion-full-width-sep\" style=\"align-self: center;margin-left: auto;margin-right: auto;margin-top:30px;margin-bottom:0px;width:100%;\"><\/div><div ><a class=\"fusion-button button-flat fusion-button-default-size button-custom fusion-button-default button-1 fusion-button-default-span fusion-button-default-type fusion-has-button-gradient\" style=\"--button_accent_color:var(--awb-color1);--button_accent_hover_color:var(--awb-color1);--button_border_hover_color:var(--awb-color1);--button_gradient_top_color:var(--awb-color6);--button_gradient_bottom_color:var(--awb-custom_color_1);--button_gradient_top_color_hover:var(--awb-custom_color_1);--button_gradient_bottom_color_hover:hsla(var(--awb-color5-h),calc(var(--awb-color5-s) - 5%),calc(var(--awb-color5-l) - 10%),var(--awb-color5-a));\" target=\"_self\" href=\"https:\/\/www.reservix.de\/tickets-muddys-open-air-in-weinheim-hinterer-schlosshof-am-18-7-2025\/e2366113\"><span class=\"fusion-button-text awb-button__text awb-button__text--default\">Karten Kauf<\/span><\/a><\/div><\/div><\/div><div class=\"fusion-layout-column fusion_builder_column fusion-builder-column-2 fusion_builder_column_4_5 4_5 fusion-flex-column\" style=\"--awb-bg-size:cover;--awb-width-large:80%;--awb-margin-top-large:0px;--awb-spacing-right-large:2.4%;--awb-margin-bottom-large:20px;--awb-spacing-left-large:2.4%;--awb-width-medium:80%;--awb-order-medium:0;--awb-spacing-right-medium:2.4%;--awb-spacing-left-medium:2.4%;--awb-width-small:100%;--awb-order-small:0;--awb-spacing-right-small:1.92%;--awb-spacing-left-small:1.92%;\"><div class=\"fusion-column-wrapper fusion-column-has-shadow fusion-flex-justify-content-flex-start fusion-content-layout-column\"><div class=\"fusion-text fusion-text-4\"><div class=\"xdj266r x11i5rnm xat24cr x1mh8g0r x1vvkbs\">\n<p>Am 18. Juli 2025 wird Weinheim zum Hotspot der Bluesmusik, wenn Henrik Freischlader im Rahmen der Heimattage auf der Open-Air-B\u00fchne des Muddy&#8217;s Club auftritt. Der deutsche Gitarrist und S\u00e4nger, der als Geheimtipp f\u00fcr alle gilt, die noch nie von ihm geh\u00f6rt haben, hat sich l\u00e4ngst einen festen Platz in der internationalen Bluesszene erobert.<\/p>\n<p>Henrik Freischlader hat die B\u00fchnen mit Legenden wie B.B. King, Gary Moore, Peter Green, Johnny Winter, Joe Bonamassa und der Tedeschi Trucks Band geteilt. Sein virtuoses und leidenschaftliches Gitarrenspiel, seine raue, markante Stimme und sein Gesp\u00fcr f\u00fcr gute Grooves haben \u00fcber die Jahre seinen unverwechselbaren Stil gepr\u00e4gt. Mit 11 Studioalben und 7 Livealben seit 2006 ist der Multiinstrumentalist aus der Musikszene nicht mehr wegzudenken<\/p>\n<p>Unter dem Motto &#8220;KEEP PLAYING&#8221; geht Henrik Freischlader auch 2025 wieder auf Tour und verspricht, jedes Konzert zu einem einzigartigen Erlebnis zu machen. Improvisation, freie Jams und eine st\u00e4ndig erweiterte Setliste sorgen daf\u00fcr, dass kein Abend wie der andere ist. Chris Strieder von Darkstars.de beschreibt seine Konzerte als &#8220;das Konzert des Jahres&#8221; und betont, dass die Magie eines Livekonzertes in kleineren Clubs durch nichts zu ersetzen ist.<\/p>\n<p>Als besonderes Highlight wird die Vorband Muddy&#8217;s Allstars den Abend er\u00f6ffnen. Die Band, bekannt f\u00fcr ihre energiegeladenen Auftritte und ihre Liebe zum Blues, wird das Publikum perfekt auf den Hauptact einstimmen.<\/p>\n<p>Verpassen Sie nicht dieses musikalische Highlight und sichern Sie sich Ihre Tickets f\u00fcr einen unvergesslichen Abend voller Blues, Rock und purer Leidenschaft!<\/p>\n<p>Achtung!\u00a0 das Konzert findet statt im:<\/p>\n<div><a class=\"c-venue-address__name\" href=\"https:\/\/www.reservix.de\/weinheim\/venue\/weinheimer-schloss\/v8014\">Hinterer Schlosshof<\/a><\/div>\n<div class=\"c-venue-address__line\">Obertorstr. 9<\/div>\n<p><span class=\"c-venue-address__line\">69469\u00a0<\/span><span class=\"c-venue-address__line\">Weinheim<\/span><\/p>\n<\/div>\n<div class=\"x11i5rnm xat24cr x1mh8g0r x1vvkbs xtlvy1s\"><\/div>\n<\/div><div class=\"fusion-video fusion-youtube\" style=\"--awb-max-width:600px;--awb-max-height:360px;\"><div class=\"video-shortcode\"><div class=\"fluid-width-video-wrapper\" style=\"padding-top:60%;\" ><iframe title=\"YouTube video player 1\" src=\"https:\/\/www.youtube.com\/embed\/TtyuShvYWT0?wmode=transparent&autoplay=0\" width=\"600\" height=\"360\" allowfullscreen allow=\"autoplay; clipboard-write; encrypted-media; gyroscope; picture-in-picture;\"><\/iframe><\/div><\/div><\/div><\/div><\/div><div class=\"fusion-layout-column fusion_builder_column fusion-builder-column-3 fusion_builder_column_1_1 1_1 fusion-flex-column\" style=\"--awb-bg-size:cover;--awb-width-large:100%;--awb-margin-top-large:0px;--awb-spacing-right-large:1.92%;--awb-margin-bottom-large:20px;--awb-spacing-left-large:1.92%;--awb-width-medium:100%;--awb-order-medium:0;--awb-spacing-right-medium:1.92%;--awb-spacing-left-medium:1.92%;--awb-width-small:100%;--awb-order-small:0;--awb-spacing-right-small:1.92%;--awb-spacing-left-small:1.92%;\"><div class=\"fusion-column-wrapper fusion-column-has-shadow fusion-flex-justify-content-flex-start fusion-content-layout-column\"><div class=\"fusion-separator fusion-full-width-sep\" style=\"align-self: center;margin-left: auto;margin-right: auto;margin-top:15px;margin-bottom:15px;width:100%;\"><div class=\"fusion-separator-border sep-single sep-solid\" style=\"--awb-height:20px;--awb-amount:20px;border-color:var(--awb-color3);border-top-width:1px;\"><\/div><\/div><\/div><\/div><\/div><\/div>\n","protected":false},"excerpt":{"rendered":"","protected":false},"author":8,"featured_media":0,"parent":0,"menu_order":0,"comment_status":"closed","ping_status":"closed","template":"100-width.php","meta":{"_acf_changed":false,"footnotes":""},"class_list":["post-2171","page","type-page","status-publish","hentry"],"acf":[],"_links":{"self":[{"href":"https:\/\/muddys-club.net\/index.php\/wp-json\/wp\/v2\/pages\/2171","targetHints":{"allow":["GET"]}}],"collection":[{"href":"https:\/\/muddys-club.net\/index.php\/wp-json\/wp\/v2\/pages"}],"about":[{"href":"https:\/\/muddys-club.net\/index.php\/wp-json\/wp\/v2\/types\/page"}],"author":[{"embeddable":true,"href":"https:\/\/muddys-club.net\/index.php\/wp-json\/wp\/v2\/users\/8"}],"replies":[{"embeddable":true,"href":"https:\/\/muddys-club.net\/index.php\/wp-json\/wp\/v2\/comments?post=2171"}],"version-history":[{"count":5,"href":"https:\/\/muddys-club.net\/index.php\/wp-json\/wp\/v2\/pages\/2171\/revisions"}],"predecessor-version":[{"id":2186,"href":"https:\/\/muddys-club.net\/index.php\/wp-json\/wp\/v2\/pages\/2171\/revisions\/2186"}],"wp:attachment":[{"href":"https:\/\/muddys-club.net\/index.php\/wp-json\/wp\/v2\/media?parent=2171"}],"curies":[{"name":"wp","href":"https:\/\/api.w.org\/{rel}","templated":true}]}}