{"id":1687,"date":"2024-09-16T13:56:18","date_gmt":"2024-09-16T11:56:18","guid":{"rendered":"https:\/\/muddys-club.net\/?page_id=1687"},"modified":"2024-10-17T16:14:19","modified_gmt":"2024-10-17T14:14:19","slug":"2024-12-09-raphael-wressnig-the-soul-gift-band","status":"publish","type":"page","link":"https:\/\/muddys-club.net\/index.php\/2024-12-09-raphael-wressnig-the-soul-gift-band\/","title":{"rendered":"2024-12-09 RAPHAEL WRESSNIG &#038; the Soul Gift Band"},"content":{"rendered":"<div class=\"fusion-fullwidth fullwidth-box fusion-builder-row-1 fusion-flex-container has-pattern-background has-mask-background nonhundred-percent-fullwidth non-hundred-percent-height-scrolling\" style=\"--awb-border-radius-top-left:0px;--awb-border-radius-top-right:0px;--awb-border-radius-bottom-right:0px;--awb-border-radius-bottom-left:0px;--awb-flex-wrap:wrap;\" ><div class=\"fusion-builder-row fusion-row fusion-flex-align-items-flex-start fusion-flex-content-wrap\" style=\"max-width:1040px;margin-left: calc(-4% \/ 2 );margin-right: calc(-4% \/ 2 );\"><div class=\"fusion-layout-column fusion_builder_column fusion-builder-column-0 fusion_builder_column_2_3 2_3 fusion-flex-column\" style=\"--awb-bg-size:cover;--awb-width-large:66.666666666667%;--awb-margin-top-large:0px;--awb-spacing-right-large:2.88%;--awb-margin-bottom-large:20px;--awb-spacing-left-large:2.88%;--awb-width-medium:66.666666666667%;--awb-order-medium:0;--awb-spacing-right-medium:2.88%;--awb-spacing-left-medium:2.88%;--awb-width-small:100%;--awb-order-small:0;--awb-spacing-right-small:1.92%;--awb-spacing-left-small:1.92%;\"><div class=\"fusion-column-wrapper fusion-column-has-shadow fusion-flex-justify-content-flex-start fusion-content-layout-column\"><div class=\"fusion-image-element \" style=\"--awb-caption-title-font-family:var(--h2_typography-font-family);--awb-caption-title-font-weight:var(--h2_typography-font-weight);--awb-caption-title-font-style:var(--h2_typography-font-style);--awb-caption-title-size:var(--h2_typography-font-size);--awb-caption-title-transform:var(--h2_typography-text-transform);--awb-caption-title-line-height:var(--h2_typography-line-height);--awb-caption-title-letter-spacing:var(--h2_typography-letter-spacing);\"><span class=\" fusion-imageframe imageframe-none imageframe-1 hover-type-none\"><img decoding=\"async\" width=\"300\" height=\"213\" title=\"091224\" src=\"https:\/\/muddys-club.net\/wp-content\/uploads\/2024\/10\/091224-300x213.jpg\" alt class=\"img-responsive wp-image-1818\" srcset=\"https:\/\/muddys-club.net\/wp-content\/uploads\/2024\/10\/091224-200x142.jpg 200w, https:\/\/muddys-club.net\/wp-content\/uploads\/2024\/10\/091224-400x284.jpg 400w, https:\/\/muddys-club.net\/wp-content\/uploads\/2024\/10\/091224-600x426.jpg 600w, https:\/\/muddys-club.net\/wp-content\/uploads\/2024\/10\/091224-800x568.jpg 800w, https:\/\/muddys-club.net\/wp-content\/uploads\/2024\/10\/091224.jpg 815w\" sizes=\"(max-width: 640px) 100vw, 800px\" \/><\/span><\/div><\/div><\/div><div class=\"fusion-layout-column fusion_builder_column fusion-builder-column-1 fusion_builder_column_1_3 1_3 fusion-flex-column\" style=\"--awb-bg-size:cover;--awb-width-large:33.333333333333%;--awb-margin-top-large:0px;--awb-spacing-right-large:5.76%;--awb-margin-bottom-large:20px;--awb-spacing-left-large:5.76%;--awb-width-medium:33.333333333333%;--awb-order-medium:0;--awb-spacing-right-medium:5.76%;--awb-spacing-left-medium:5.76%;--awb-width-small:100%;--awb-order-small:0;--awb-spacing-right-small:1.92%;--awb-spacing-left-small:1.92%;\"><div class=\"fusion-column-wrapper fusion-column-has-shadow fusion-flex-justify-content-flex-start fusion-content-layout-column\"><div class=\"fusion-text fusion-text-1\"><h1><b><span class=\"il\">RAPHAEL<\/span>\u00a0<span class=\"il\">WRESSNIG<\/span>\u00a0&amp; the Soul Gift Band<\/b><\/h1>\n<\/div><div class=\"fusion-text fusion-text-2\"><h2>Montag 09. Dezember 2024<\/h2>\n<h5>Konzertbeginn 20.30 Uhr<\/h5>\n<p><span style=\"color: var(--awb-text-color); font-family: var(--awb-text-font-family); font-size: var(--awb-font-size); font-style: var(--awb-text-font-style); font-weight: var(--awb-text-font-weight); letter-spacing: var(--awb-letter-spacing); text-align: var(--awb-content-alignment); text-transform: var(--awb-text-transform); background-color: var(--awb-bg-color);\">Einlass 19.30 Uhr in Muddy&#8217;s Club<\/span><\/p>\n<\/div><div class=\"fusion-text fusion-text-3\"><h5>Eintritt<\/h5>\n<p>Normal: 28 \u20ac<br \/>\n<span style=\"color: var(--awb-text-color); font-family: var(--awb-text-font-family); font-size: var(--awb-font-size); font-style: var(--awb-text-font-style); letter-spacing: var(--awb-letter-spacing); text-align: var(--awb-content-alignment); text-transform: var(--awb-text-transform); background-color: var(--awb-bg-color);\">Erm\u00e4ssigt: 24 \u20ac<br \/>\n<\/span>Mitglieder: 22 \u20ac<br \/>\nSch\u00fcler: 5 \u20ac<\/p>\n<\/div><div class=\"fusion-separator fusion-full-width-sep\" style=\"align-self: center;margin-left: auto;margin-right: auto;margin-top:30px;margin-bottom:0px;width:100%;\"><\/div><div ><a class=\"fusion-button button-flat fusion-button-default-size button-custom fusion-button-default button-1 fusion-button-default-span fusion-button-default-type fusion-has-button-gradient\" style=\"--button_accent_color:var(--awb-color1);--button_accent_hover_color:var(--awb-color1);--button_border_hover_color:var(--awb-color1);--button_gradient_top_color:var(--awb-color6);--button_gradient_bottom_color:var(--awb-custom_color_1);--button_gradient_top_color_hover:var(--awb-custom_color_1);--button_gradient_bottom_color_hover:hsla(var(--awb-color5-h),calc(var(--awb-color5-s) - 5%),calc(var(--awb-color5-l) - 10%),var(--awb-color5-a));\" target=\"_self\" href=\"https:\/\/manage.muddys-club.net\/public\/reservation\/2024-12-09-2024-12-09raphaelwressnigthesoulgiftband\"><span class=\"fusion-button-text awb-button__text awb-button__text--default\">Karten Reservieren<\/span><\/a><\/div><\/div><\/div><div class=\"fusion-layout-column fusion_builder_column fusion-builder-column-2 fusion_builder_column_4_5 4_5 fusion-flex-column\" style=\"--awb-bg-size:cover;--awb-width-large:80%;--awb-margin-top-large:0px;--awb-spacing-right-large:2.4%;--awb-margin-bottom-large:20px;--awb-spacing-left-large:2.4%;--awb-width-medium:80%;--awb-order-medium:0;--awb-spacing-right-medium:2.4%;--awb-spacing-left-medium:2.4%;--awb-width-small:100%;--awb-order-small:0;--awb-spacing-right-small:1.92%;--awb-spacing-left-small:1.92%;\"><div class=\"fusion-column-wrapper fusion-column-has-shadow fusion-flex-justify-content-flex-start fusion-content-layout-column\"><div class=\"fusion-text fusion-text-4\"><p>Am 9. Dezember 2024 erwartet die Besucher des Muddys Club ein musikalisches Highlight der Extraklasse: Raphael Wressnig und seine Band bringen eine einzigartige Mischung aus Old-School und New-School auf die B\u00fchne. Ihr Sound vereint authentisches Blues-Feeling mit zeitgem\u00e4\u00dfer Funkiness und verspricht eine unvergessliche Nacht voller Groove und guter Laune.<\/p>\n<p>Raphael Wressnig steht f\u00fcr die perfekte Schnittstelle zwischen Soul, Blues und Funk-Rhythmen. Mit seinem unverwechselbaren, kraftvollen Spiel auf der original vintage Hammond-Orgel hat er sich als moderner Hammond-Organist einen Namen gemacht. Bereits zehn Mal wurde er beim Critics Poll des DownBeat-Magazins als \u201cBest Organ Player of the Year\u201d nominiert.<\/p>\n<p>Begleitet wird Wressnig von den exzellenten Musikern Enrico Crivellaro an der Gitarre und Eric Cisbani am Schlagzeug. Gemeinsam verbinden sie zeitgem\u00e4\u00dfes Rhythmusgef\u00fchl mit rohen Roots-Sounds und zeigen, wie viel Seele und Groove in modernem Soul und Blues stecken kann.<\/p>\n<p>Ein besonderes Highlight des Abends wird das Weihnachtsalbum von Raphael Wressnig sein, das er im Gep\u00e4ck hat. Mit einer Boogaloo-Version von \u201eSanta Claus is Coming to Town\u201c und einer souligen Interpretation von \u201eLeise rieselt der Schnee\u201c bringt er weihnachtliche Stimmung in den Muddys Club.<\/p>\n<p>Freuen Sie sich auf eine Nacht voller authentischem Blues-Feeling, geschmackvoller Musik und einer riesigen Portion guter Laune. Raphael Wressnig und seine Band werden die Besucher mit ihrem unverwechselbaren Sound begeistern und den Muddys Club in eine Groove-Oase verwandeln.<\/p>\n<p>LineUp<\/p>\n<p><span class=\"il\">Raphael<\/span>\u00a0<span class=\"il\">Wressnig<\/span>\u00a0&#8211; Hammond B-3 organ, vocals<br \/>\nEnrico Crivellaro &#8211; guitars<br \/>\nHans-J\u00fcrgen Bart &#8211; drums<\/p>\n<\/div><div class=\"fusion-video fusion-youtube\" style=\"--awb-max-width:600px;--awb-max-height:360px;\"><div class=\"video-shortcode\"><div class=\"fluid-width-video-wrapper\" style=\"padding-top:60%;\" ><iframe title=\"YouTube video player 1\" src=\"https:\/\/www.youtube.com\/embed\/fjsULZ-T-2c?wmode=transparent&autoplay=0\" width=\"600\" height=\"360\" allowfullscreen allow=\"autoplay; clipboard-write; encrypted-media; gyroscope; picture-in-picture;\"><\/iframe><\/div><\/div><\/div><\/div><\/div><div class=\"fusion-layout-column fusion_builder_column fusion-builder-column-3 fusion_builder_column_1_1 1_1 fusion-flex-column\" style=\"--awb-bg-size:cover;--awb-width-large:100%;--awb-margin-top-large:0px;--awb-spacing-right-large:1.92%;--awb-margin-bottom-large:20px;--awb-spacing-left-large:1.92%;--awb-width-medium:100%;--awb-order-medium:0;--awb-spacing-right-medium:1.92%;--awb-spacing-left-medium:1.92%;--awb-width-small:100%;--awb-order-small:0;--awb-spacing-right-small:1.92%;--awb-spacing-left-small:1.92%;\"><div class=\"fusion-column-wrapper fusion-column-has-shadow fusion-flex-justify-content-flex-start fusion-content-layout-column\"><div class=\"fusion-separator fusion-full-width-sep\" style=\"align-self: center;margin-left: auto;margin-right: auto;margin-top:15px;margin-bottom:15px;width:100%;\"><div class=\"fusion-separator-border sep-single sep-solid\" style=\"--awb-height:20px;--awb-amount:20px;border-color:var(--awb-color3);border-top-width:1px;\"><\/div><\/div><\/div><\/div><\/div><\/div>\n","protected":false},"excerpt":{"rendered":"","protected":false},"author":8,"featured_media":0,"parent":0,"menu_order":0,"comment_status":"closed","ping_status":"closed","template":"100-width.php","meta":{"_acf_changed":false,"footnotes":""},"class_list":["post-1687","page","type-page","status-publish","hentry"],"acf":[],"_links":{"self":[{"href":"https:\/\/muddys-club.net\/index.php\/wp-json\/wp\/v2\/pages\/1687","targetHints":{"allow":["GET"]}}],"collection":[{"href":"https:\/\/muddys-club.net\/index.php\/wp-json\/wp\/v2\/pages"}],"about":[{"href":"https:\/\/muddys-club.net\/index.php\/wp-json\/wp\/v2\/types\/page"}],"author":[{"embeddable":true,"href":"https:\/\/muddys-club.net\/index.php\/wp-json\/wp\/v2\/users\/8"}],"replies":[{"embeddable":true,"href":"https:\/\/muddys-club.net\/index.php\/wp-json\/wp\/v2\/comments?post=1687"}],"version-history":[{"count":5,"href":"https:\/\/muddys-club.net\/index.php\/wp-json\/wp\/v2\/pages\/1687\/revisions"}],"predecessor-version":[{"id":1852,"href":"https:\/\/muddys-club.net\/index.php\/wp-json\/wp\/v2\/pages\/1687\/revisions\/1852"}],"wp:attachment":[{"href":"https:\/\/muddys-club.net\/index.php\/wp-json\/wp\/v2\/media?parent=1687"}],"curies":[{"name":"wp","href":"https:\/\/api.w.org\/{rel}","templated":true}]}}