{"id":1329,"date":"2023-11-17T12:21:34","date_gmt":"2023-11-17T11:21:34","guid":{"rendered":"https:\/\/muddys-club.net\/?page_id=1329"},"modified":"2023-11-20T18:58:21","modified_gmt":"2023-11-20T17:58:21","slug":"2024-02-26-sharon-lewis-texas-fire","status":"publish","type":"page","link":"https:\/\/muddys-club.net\/index.php\/2024-02-26-sharon-lewis-texas-fire\/","title":{"rendered":"2024-02-26 Sharon Lewis &#038; Texas Fire"},"content":{"rendered":"<div class=\"fusion-fullwidth fullwidth-box fusion-builder-row-1 fusion-flex-container has-pattern-background has-mask-background nonhundred-percent-fullwidth non-hundred-percent-height-scrolling\" style=\"--awb-border-radius-top-left:0px;--awb-border-radius-top-right:0px;--awb-border-radius-bottom-right:0px;--awb-border-radius-bottom-left:0px;--awb-flex-wrap:wrap;\" ><div class=\"fusion-builder-row fusion-row fusion-flex-align-items-flex-start fusion-flex-content-wrap\" style=\"max-width:1040px;margin-left: calc(-4% \/ 2 );margin-right: calc(-4% \/ 2 );\"><div class=\"fusion-layout-column fusion_builder_column fusion-builder-column-0 fusion_builder_column_2_3 2_3 fusion-flex-column\" style=\"--awb-bg-size:cover;--awb-width-large:66.666666666667%;--awb-margin-top-large:0px;--awb-spacing-right-large:2.88%;--awb-margin-bottom-large:20px;--awb-spacing-left-large:2.88%;--awb-width-medium:66.666666666667%;--awb-order-medium:0;--awb-spacing-right-medium:2.88%;--awb-spacing-left-medium:2.88%;--awb-width-small:100%;--awb-order-small:0;--awb-spacing-right-small:1.92%;--awb-spacing-left-small:1.92%;\"><div class=\"fusion-column-wrapper fusion-column-has-shadow fusion-flex-justify-content-flex-start fusion-content-layout-column\"><div class=\"fusion-image-element \" style=\"--awb-caption-title-font-family:var(--h2_typography-font-family);--awb-caption-title-font-weight:var(--h2_typography-font-weight);--awb-caption-title-font-style:var(--h2_typography-font-style);--awb-caption-title-size:var(--h2_typography-font-size);--awb-caption-title-transform:var(--h2_typography-text-transform);--awb-caption-title-line-height:var(--h2_typography-line-height);--awb-caption-title-letter-spacing:var(--h2_typography-letter-spacing);\"><span class=\" fusion-imageframe imageframe-none imageframe-1 hover-type-none\"><img decoding=\"async\" width=\"1024\" height=\"1062\" title=\"Sharon Lewis neu-HP\" src=\"https:\/\/muddys-club.net\/wp-content\/uploads\/2023\/11\/Sharon-Lewis-neu-HP.jpg\" alt class=\"img-responsive wp-image-1330\" srcset=\"https:\/\/muddys-club.net\/wp-content\/uploads\/2023\/11\/Sharon-Lewis-neu-HP-200x207.jpg 200w, https:\/\/muddys-club.net\/wp-content\/uploads\/2023\/11\/Sharon-Lewis-neu-HP-400x415.jpg 400w, https:\/\/muddys-club.net\/wp-content\/uploads\/2023\/11\/Sharon-Lewis-neu-HP-600x622.jpg 600w, https:\/\/muddys-club.net\/wp-content\/uploads\/2023\/11\/Sharon-Lewis-neu-HP-800x830.jpg 800w, https:\/\/muddys-club.net\/wp-content\/uploads\/2023\/11\/Sharon-Lewis-neu-HP.jpg 1024w\" sizes=\"(max-width: 640px) 100vw, 800px\" \/><\/span><\/div><\/div><\/div><div class=\"fusion-layout-column fusion_builder_column fusion-builder-column-1 fusion_builder_column_1_3 1_3 fusion-flex-column\" style=\"--awb-bg-size:cover;--awb-width-large:33.333333333333%;--awb-margin-top-large:0px;--awb-spacing-right-large:5.76%;--awb-margin-bottom-large:20px;--awb-spacing-left-large:5.76%;--awb-width-medium:33.333333333333%;--awb-order-medium:0;--awb-spacing-right-medium:5.76%;--awb-spacing-left-medium:5.76%;--awb-width-small:100%;--awb-order-small:0;--awb-spacing-right-small:1.92%;--awb-spacing-left-small:1.92%;\"><div class=\"fusion-column-wrapper fusion-column-has-shadow fusion-flex-justify-content-flex-start fusion-content-layout-column\"><div class=\"fusion-text fusion-text-1\"><h1>Sharon Lewis &amp; Texas Fire<\/h1>\n<\/div><div class=\"fusion-text fusion-text-2\"><h2>Montag 26. Februar 2024<\/h2>\n<h5>Konzertbeginn 20.30 Uhr<\/h5>\n<p><span style=\"color: var(--awb-text-color); font-family: var(--awb-text-font-family); font-size: var(--awb-font-size); font-style: var(--awb-text-font-style); font-weight: var(--awb-text-font-weight); letter-spacing: var(--awb-letter-spacing); text-align: var(--awb-content-alignment); text-transform: var(--awb-text-transform); background-color: var(--awb-bg-color);\">Einlass 19.30 Uhr in Muddy&#8217;s Club<\/span><\/p>\n<\/div><div class=\"fusion-text fusion-text-3\"><h5>Eintritt<\/h5>\n<p>Normal: 24 \u20ac<br \/>\n<span style=\"color: var(--awb-text-color); font-family: var(--awb-text-font-family); font-size: var(--awb-font-size); font-style: var(--awb-text-font-style); letter-spacing: var(--awb-letter-spacing); text-align: var(--awb-content-alignment); text-transform: var(--awb-text-transform); background-color: var(--awb-bg-color);\">Erm\u00e4ssigt: 20 \u20ac<br \/>\n<\/span>Mitglieder: 18 \u20ac<br \/>\nSch\u00fcler: 5 \u20ac<\/p>\n<\/div><div class=\"fusion-separator fusion-full-width-sep\" style=\"align-self: center;margin-left: auto;margin-right: auto;margin-top:30px;margin-bottom:0px;width:100%;\"><\/div><div ><a class=\"fusion-button button-flat fusion-button-default-size button-custom fusion-button-default button-1 fusion-button-default-span fusion-button-default-type fusion-has-button-gradient\" style=\"--button_accent_color:var(--awb-color1);--button_accent_hover_color:var(--awb-color1);--button_border_hover_color:var(--awb-color1);--button_gradient_top_color:var(--awb-custom_color_1);--button_gradient_bottom_color:var(--awb-custom_color_1);--button_gradient_top_color_hover:var(--awb-custom_color_1);--button_gradient_bottom_color_hover:hsla(var(--awb-color5-h),calc(var(--awb-color5-s) - 5%),calc(var(--awb-color5-l) - 10%),var(--awb-color5-a));\" target=\"_self\" href=\"https:\/\/manage.muddys-club.net\/public\/reservation\/2024-02-26-sharonlewis\"><span class=\"fusion-button-text awb-button__text awb-button__text--default\">Karten Reservieren<\/span><\/a><\/div><\/div><\/div><div class=\"fusion-layout-column fusion_builder_column fusion-builder-column-2 fusion_builder_column_4_5 4_5 fusion-flex-column\" style=\"--awb-bg-size:cover;--awb-width-large:80%;--awb-margin-top-large:0px;--awb-spacing-right-large:2.4%;--awb-margin-bottom-large:20px;--awb-spacing-left-large:2.4%;--awb-width-medium:80%;--awb-order-medium:0;--awb-spacing-right-medium:2.4%;--awb-spacing-left-medium:2.4%;--awb-width-small:100%;--awb-order-small:0;--awb-spacing-right-small:1.92%;--awb-spacing-left-small:1.92%;\"><div class=\"fusion-column-wrapper fusion-column-has-shadow fusion-flex-justify-content-flex-start fusion-content-layout-column\"><div class=\"fusion-text fusion-text-4\"><p class=\"p1\">Sie ist eine der besten S\u00e4ngerinnen der heutigen Chicagoer Szene. Sie sagt \u00fcber Ihre Musik: \u201eIm Grunde wollte ich, dass die Botschaft vom Umgang mit dem Leben handelt &#8211; Bew\u00e4ltigung, \u00dcberleben.\u201c Ihre Songs handeln von den Grundlagen des t\u00e4glichen Lebens. Die Mischung aus Soul, Blues und R&amp;B liefert den perfekten Soundtrack f\u00fcr ihre Texte.<\/p>\n<p class=\"p1\">Geboren in Fort Worth, Texas, sammelte Sharon ihre ersten musikalischen Erfahrungen als Mitglied eines Gospelchors. 1975 zog sie dauerhaft nach Chicago und wurde in den fr\u00fchen 90er Jahren in der Chicagoer Bluesszene aktiv. 2005 gr\u00fcndete Sharon Lewis ihre eigene Band &#8211; Texas Fire.<\/p>\n<p class=\"p1\">Ihre CD \u201eThe Real Deal\u201c enth\u00e4lt neue Originalsongs von Sharon Lewis und einige Covers von Songs, die sie oft in ihren Live-Shows spielt, wie Van Morrisons &#8220;Crazy Love&#8221; und Bill Withers&#8217; &#8220;Ain&#8217;t No Sunshine&#8221;. Der Grundton dieser Platte ist genauso feierlich wie Sharon Lewis&#8217; Shows. Sie l\u00e4sst nicht zu, dass Negativit\u00e4t ihre Einstellung, ihre Gedanken oder ihre Seele beeintr\u00e4chtigt. Das wird deutlich als sie die Kontroversen er\u00f6rtert, die dar\u00fcber entstanden sind, wer (wenn \u00fcberhaupt) die Krone der verstorbenen Queen of the Blues, Koko Taylor, erben sollte. &#8220;Ich bin nicht die &#8216;K\u00f6nigin&#8217; von irgendetwas&#8221;, erkl\u00e4rt sie. &#8220;Ich bin das einzig Wahre&#8221;.<\/p>\n<p class=\"p1\">\u201eAlles ist Blues wenn es vom Herzen kommt\u201c<\/p>\n<\/div><\/div><\/div><div class=\"fusion-layout-column fusion_builder_column fusion-builder-column-3 fusion_builder_column_1_1 1_1 fusion-flex-column\" style=\"--awb-bg-size:cover;--awb-width-large:100%;--awb-margin-top-large:0px;--awb-spacing-right-large:1.92%;--awb-margin-bottom-large:20px;--awb-spacing-left-large:1.92%;--awb-width-medium:100%;--awb-order-medium:0;--awb-spacing-right-medium:1.92%;--awb-spacing-left-medium:1.92%;--awb-width-small:100%;--awb-order-small:0;--awb-spacing-right-small:1.92%;--awb-spacing-left-small:1.92%;\"><div class=\"fusion-column-wrapper fusion-column-has-shadow fusion-flex-justify-content-flex-start fusion-content-layout-column\"><div class=\"fusion-separator fusion-full-width-sep\" style=\"align-self: center;margin-left: auto;margin-right: auto;margin-top:15px;margin-bottom:15px;width:100%;\"><div class=\"fusion-separator-border sep-single sep-solid\" style=\"--awb-height:20px;--awb-amount:20px;border-color:var(--awb-color3);border-top-width:1px;\"><\/div><\/div><\/div><\/div><\/div><\/div>\n","protected":false},"excerpt":{"rendered":"","protected":false},"author":8,"featured_media":0,"parent":0,"menu_order":0,"comment_status":"closed","ping_status":"closed","template":"100-width.php","meta":{"_acf_changed":false,"footnotes":""},"class_list":["post-1329","page","type-page","status-publish","hentry"],"acf":[],"_links":{"self":[{"href":"https:\/\/muddys-club.net\/index.php\/wp-json\/wp\/v2\/pages\/1329","targetHints":{"allow":["GET"]}}],"collection":[{"href":"https:\/\/muddys-club.net\/index.php\/wp-json\/wp\/v2\/pages"}],"about":[{"href":"https:\/\/muddys-club.net\/index.php\/wp-json\/wp\/v2\/types\/page"}],"author":[{"embeddable":true,"href":"https:\/\/muddys-club.net\/index.php\/wp-json\/wp\/v2\/users\/8"}],"replies":[{"embeddable":true,"href":"https:\/\/muddys-club.net\/index.php\/wp-json\/wp\/v2\/comments?post=1329"}],"version-history":[{"count":3,"href":"https:\/\/muddys-club.net\/index.php\/wp-json\/wp\/v2\/pages\/1329\/revisions"}],"predecessor-version":[{"id":1350,"href":"https:\/\/muddys-club.net\/index.php\/wp-json\/wp\/v2\/pages\/1329\/revisions\/1350"}],"wp:attachment":[{"href":"https:\/\/muddys-club.net\/index.php\/wp-json\/wp\/v2\/media?parent=1329"}],"curies":[{"name":"wp","href":"https:\/\/api.w.org\/{rel}","templated":true}]}}